-29
What is the value of -4 + 7 + 3 + 5?
11
Calculate -9 - ((4 - 4 - 5) + -1).
-3
-27 + -1 + 11 + (206 - 222)
-33
(-7 + (-20 - -13) - -2) + 16
4
12 + -5 + -25 + 10 + -19
-27
Evaluate -13 + 8 + (2 - 6) + 12.
3
Calculate (1 - 11) + (-5 - (49 - 15)) - -8.
-41
What is 10 - (14 - -2 - -11)?
-17
10 + -1 - (-1136 + 1155)
-10
What is the value of 15 + ((-5 - -3) + -4 - 0)?
9
-12 - (-1 + 10 + 2 + -15 + -38)
30
Evaluate -25 + (-6 - -26) + (4 - (33 - 3)).
-31
-11 + -3 - (103 + -123)
6
116 - 109 - (2 - (-2 - 13))
-10
What is 40 + -75 + 76 - (17 - 0)?
24
4 + 4 + 194 + -184
18
5 + (5 - ((7 + -3 - -22) + -2))
-14
21 - (0 + -1 - (79 - 91))
10
What is the value of (23 - 42) + -10 + 23 - (-39 - 2)?
35
Calculate -3 + (7 - 5) + (-5 - -5) + 6.
5
What is 9 + 1 + (127 - 134) - -1?
4
What is the value of (20 - (16 - 13)) + 1?
18
Calculate -6 - (-13 + -10 + (20 - 8)).
5
Calculate 3 + 3 + 18 + -11.
13
What is -146 - -137 - (-11 - 1)?
3
What is 11 - (23 + -19 + 26)?
-19
What is -7 - (-23 + 11 + 2)?
3
Evaluate 12 - (2 + 12 - 14 - (2 + -3)).
11
(-10 - -26) + -14 + 3
5
4 - 5 - (8 - 7 - -7)
-9
8 - ((4 - -6) + -9)
7
What is 2 + -5 - (68 - 73)?
2
Evaluate 5 + -3 + -22 + 3 + 10 + -6.
-13
What is (-17 - -30) + 4 + (6 - 1)?
22
Evaluate -9 - (-25 + 13) - -10.
13
What is the value of -10 - (2 - (1 + 6) - -2)?
-7
What is (3 + 10 - (-115 + 111)) + 8?
25
What is the value of -2035 + 2027 + (-22 - 0) + 2?
-28
1 - (-94 - -74 - ((-2 - -1) + -4))
16
What is the value of -14 + -5 + 6 + 27?
14
Evaluate -38 + 29 + -6 + 10.
-5
What is 8 - (1 - (17 + -10 + (-2 - 1)))?
11
What is the value of 29 + -25 + (-4 - -10)?
10
What is the value of -29 + 1 + (-1 - -5) + 5?
-19
What is the value of 42 + -30 - (12 + 0)?
0
What is the value of 0 - (11 + 11 + -10)?
-12
What is the value of 38 + -9 - 24 - (2 + 19 + -2)?
-14
-7 + (0 - -1) - (-28 - -3)
19
(23 + 4 - 6) + -2 + -3 + 4
20
Evaluate -35 + (42 + -30 - -14).
-9
Evaluate 17 + -12 + 1 + (-23 - -2) + -1.
-16
What is (-29 + 13 - -15) + -1?
-2
Evaluate 4 + 4 + -6 + -3 - (4 + 2).
-7
What is the value of -13 + -2 + 43 + -39?
-11
What is 16 + -19 + 7 - (2 - 10)?
12
What is the value of (-14 - ((-6 - -6) + 2)) + 5?
-11
-7 + (-9 - -7 - 2) + 19
8
What is 7 + ((-2 + -2 - 3) + 5 - -4)?
9
Calculate 0 + 5 + -2 + (1 - 2) + 6.
8
What is the value of (-14 + 12 - -15) + -13 - (1 + -2)?
1
Calculate -2 + -20 + 69 + -65.
-18
-17 + (22 - 28) + 11
-12
2 + -13 + 1 - (-577 + 562)
5
What is 8 - (2 - -7) - 7?
-8
What is -8 + (22 - (-3 + -4 + -6 - -4))?
23
Evaluate 5 - 11 - -26 - ((11 - 20) + 13).
16
What is the value of (6 - -4) + -1 + 122 + -118?
13
-28 - (28 - (73 + -22))
-5
What is the value of -2 + 0 + 5 + 7 + -8 + -5?
-3
(-775 - -778) + -32 + 2
-27
(0 - 18) + 0 + -7 + 23 + -22
-24
Calculate 2 - (16 + 2) - (6 - -1 - 0).
-23
-4 - (1 - 2) - -10 - 7
0
Calculate -5 + 0 + (-499 - -533).
29
What is the value of (8 - (9 - -4 - -3)) + 6?
-2
What is the value of -121 + 114 + (-2 + 0 - 0)?
-9
Evaluate 0 - (-1 + -1 - (30 + -30) - 1).
3
Calculate -1 - -3 - -3 - (19 - (4 - -2)).
-8
What is the value of 10 + -7 + -4 + 0 - 7?
-8
Evaluate 31 - (0 - (30 + -60)).
1
Calculate -1 + 7 - -2 - (4 - -7).
-3
Calculate -1 - -24 - (39 - (-32 + 74)).
26
Evaluate (-3 - (-2 - 4)) + (-19 - (-68 - -18)).
34
Calculate -2 + (10 - 1 - (-11 + 3 + 16)).
-1
What is 12 - 0 - (-5 + 1 + 2)?
14
Evaluate 13 + 6 - (0 - (-8 - -8 - -5)).
24
What is the value of 8 + -12 + -5 + 22 - -8?
21
Calculate -7 + -3 + 15 + (-7 - 4).
-6
(-2 - -13) + -7 + 10 + -14
0
-14 - (-18 - (-21 + 11)) - (-1 + 3)
-8
What is the value of -7 + 28 + -14 + 1 + -8 + 10?
10
What is 8 - (-3 - (-12 + 5))?
4
1 + -4 + (4 - (0 + 0))
1
Calculate 1 - (7 + -8 + -9 - 1).
12
Evaluate (16 - 31) + (-11 - 1).
-27
Evaluate -4 + 8 + -12 + (3 - 3) + 5.
-3
14 - (12 - -6) - -10
6
What is the value of -1 - ((18 - 22 - -17) + -22)?
8
10 - (7 + -3 - (2 + 0))
8
3 + (-14 - -1) + 2
-8
(-1 - -6 - 12 - -4) + 8
5
What is -11 + -5 - (-18 - -1)?
1
Calculate -2 + -1 - (0 - -17).
-20
Evaluate -26 + (31 + -27 - -18).
-4
Calculate 23 + -9 + -8 + 2.
8
What is the value of 12 - (14 + (-21 - 6) - 2)?
27
Calculate (-7 - (10 + 7)) + 22.
-2
What is -19 + 19 - (3 + (7 - -4))?
-14
Calculate -3 + -8 + 48 + -26 - -11.
22
Evaluate (-18 - -6 - -3) + 16.
7
(13 - 41) + -24 + 37
-15
What is the value of (0 - -1) + -14 + (59 - 51)?
-5
What is 0 - ((-7 - -7 - -3) + -3)?
0
Calculate (-5 - -2) + 2 + -6 + (30 - 19).
4
What is -1 + (15 - 4) + 0 + -8 + 1?
3
What is (3 - 13 - -11) + (6 - 11)?
-4
What is the value of (-82 - -100) + (-31 - 1) + -20?
-34
What is (6 - 8) + -4 + 9?
3
What is -2 + 16 + -11 - (-13 + 47)?
-31
Evaluate 5 + (-29 - -24) + -4 + 15 - -18.
29
11 + -4 + 20 + -6
21
What is 6 - (-4 + 7) - (-1 - -3)?
1
Calculate (3 - -31) + -11 - 31.
-8
Calculate (2 - (5 + -9 - (2 + -8))) + -6.
-6
(-5 - 3) + 12 + 1 + -3
2
What is the value of 2 + -3 + (-16 - -26)?
9
What is (-12 - -8 - -4) + -5?
-5
What is 1 + 5 + (-2 + -12 - (2 + -12))?
2
(4 - (6 - (-2 + 4))) + 1
1
What is the value of -3 - (-35 + (58 - 27))?
1
3 + -9 + -4 + 4 + 3 + 9
6
What is -28 - -34 - -52 - 26?
32
-11 + (34 + -6 + -6 - -9)
20
What is the value of (0 - -2 - 6) + (3 - -12) + -19?
-8
What is the value of 11 + -1 - ((6 - -3) + -3)?
4
Calculate (-17 - 11) + 9 + (5 - 2) + -2.
-18
What is the value of (-1 + -36 - -37) + -1 + -11?
-12
Evaluate -35 - (-27 + 24) - -37.
5
What is the value of (16 - (-10 - -13)) + 10 + -2?
21
Evaluate 13 - ((9 - 0) + 27 + -35).
12
Evaluate 1 - (-3 - 3) - ((18 - 10) + 2).
-3
-17 + (-28 - -42) + -13
-16
7 + (-21 - -16) + (2 - -2 - 2)
4
What is -34 - (-50 + 9) - -27?
34
What is 2 + -2 - (-32 + 37) - -1?
-4
Calculate 883 + -870 - (20 - -1).
-8
What is 6 - (-14 + 31 + -13)?
2
Calculate 39 - (-12 + 26 + -18) - 13.
30
What is the value of (16 - (0 - -5)) + -30?
-19
What is 90 + -92 - (-1 + 27)?
-28
What is (-268 - -260) + (31 + -5 - (-2 - 0))?
20
Evaluate 79 - 66 - (-1 + 4) - 27.
-17
What is (-75 - -90) + (-2 - (-1 + -1 + -4))?
19
33 - (6 - -20) - (6 + 0 + 2)
-1
What is the value of 33 + -46 + (-3 - -7) + 7?
-2
What is -15 + (-1 - (1 + 0) - 6) - -1?
-22
What is 31 + -39 + (-5 - 0) + -2?
-15
2 + (-5 - -1) + 78 + -64
12
-47 + -14 + 57 + -1 + 13
8
Evaluate -7 + 0 + 5 + (-5 - (-3 - -2)).
-6
What is the value of -1 + 10 + (10 + 0 - 15) + 1?
5
-14 + (2 + -4 - -8 - -7)
-1
What is (23 - (11 - -6)) + (3 - (-12 + 2))?
19
What is the value of -4 + 17 + 5 + -10 + (-1 - 5)?
2
(-5 - (-5 + 10)) + 7 - -10
7
Evaluate (24 - 22) + 36 + -20.
18
What is (-4 + 31 - (10 + -2) - -6) + -8?
17
Evaluate 9 + -42 + 16 + -7.
-24
-12 + 4 + 22 + -12
2
Evaluate -17 + 29 - (20 - 8).
0
Evaluate 9 + -19 + 6 + -12 - 2.
-18
What is the value of (-7 - (1 + -6) - -5 - -1) + 2?
6
5 + (-6 - -15 - 13)
1
Calculate -10 + -2 + 3 + -5 + 4 + 2.
-8
What is the value of -1 - -8 - ((-11 - (9 + -14)) + 5)?
8
What is the value of (1 - 3 - (-4 + 2 + -4)) + -11?
-7
What is 0 + 1 + -4 + (-3 - (-5 - 10))?
9
What is the value of (16 - 20) + 14 + (-4 - -5) + -2?
9
What is the value of (9 - 2 - (57 - 49)) + -16?
-17
Calculate (-11 - -28) + 1 + -16.
2
26 + -1 + (-38 - -14) + 14 + 8
23
(17 - (-9 + 11)) + -5
10
Evaluate (-2 - -15) + (7 - 13 - -6) + -1.
12
-6 - (6 + (-6 - -3) + 3)
-12
What is -2 + 2 + -9 + (0 - -5)?
-4
-3 + 0 + 2 + 16 + -25
-10
28 - 5 - -3 - 9 - 2
15
What is (-104 - -110) + (2 - (-30 - -4 - -1))?
33
Evaluate 27 - (-10 - (-22 - 11)).
4
-5 + -4 + (6 - (-16 + 6 + 4))
3
Evaluate 2 - (-6 + -1) - (6 - 0).
3
(-72 - -37) + (-1 + 4 - (41 + -38))
-35
What is the value of 46 + -61 + 23 - 18?
-10
What is the value of 17 + -82 + 33 + 24?
-8
Calculate 9 + (4 - 15 - -2) - 15.
-15
Evaluate -69 + 64 + (24 - (-4 + 8 + -3)).
18
What is the value of -1 + -3 - (22 + -6 - 23)?
3
-11 - (26 - (30 + -16))
-23
Evaluate -7 - (16 + -14 + 11 + -48).
28
What is the value of 19 + -18 + 10 + 13?
24
What is the value of 16 - 0 - (-114 + 131)?
-1
42 + 1 + (-13 - 2)
28
What is the value of (-1 - 0) + (8 - (17 - (11 - 1)))?
0
What is the value of 7 - ((3 - -1) + (31 + -18 - 9))?
-1
What is the value of 3 + -16 + 9 + -10?
-14
-15 + 1 + 23 + -3 - (-1 + -22)
29
What is 6 + (11 - 4) + 3 + (-2 - 7)?
7
Calculate -11 + 9 + 18 + -19.
-3
What is -16 - (1 + -1 + -3 - 7)?
-6
What is (-13 - (-12 - (13 - 16))) + 3?
-1
Calculate (-17 + 3 - -28) + -22.
-8
Evaluate 3 - (18 - (-4 - 13)) - (0 + -9).
-23
-4 + 0 + 